digit of 12/(-18) - h/(-9)?
2
Let j = -2736 - -4138. What is the units digit of j?
2
Let l(h) = -2*h - 5. Let a be l(-4). Let z be 0*(2/(4/(-5)) + 3). Suppose -u + 30 = a*r, -2*r + 20 = -z*r - u. What is the units digit of r?
0
Suppose 4*s + 2*u = -130, -4*s + 44 = 5*u + 159. What is the tens digit of 1/2 - s/2?
1
Suppose 4*u = 3*u + 5*o + 30, 2 = -o. What is the units digit of u/3*18/15?
8
Let l(h) = h**3 - 7*h**2 + 3. Let g be (-3 - -3 - -3) + 4. Let m be l(g). Suppose -4*r - 8*b + 3*b = -9, -m*r = 4*b - 7. What is the units digit of r?
1
Let y(x) = -11*x + 17. Suppose 0 = -20*v + 21*v + 7. What is the tens digit of y(v)?
9
Suppose 0 = -3*i - 10*b + 6*b + 4433, 0 = -3*i - 2*b + 4429. What is the tens digit of i?
7
Let k(z) = -z**2 - 8*z + 5. Let h be k(-8). Suppose -4*u = 2*a - 24, a = -3*a + h*u + 113. What is the tens digit of a?
2
Let l be 6/9*(1428/8)/17. Let z(n) = 2*n + 10. Let k(p) = 1. Let f(r) = -3*k(r) + z(r). What is the tens digit of f(l)?
2
Suppose -2*u = -2*a + 3486, 5*u = -3*a - 574 + 5827. What is the thousands digit of a?
1
Let k(f) = -f**3 + 26*f**2 + 23*f + 8. What is the thousands digit of k(-8)?
2
Suppose 5*k = 14 + 6. Suppose -v + k = v. Suppose 5 + 11 = v*g. What is the units digit of g?
8
Let a be -1 + (285 - (-6 - -5)). Suppose -4*x - a = -5*n + 1048, -x + 528 = 2*n. What is the tens digit of n?
6
Let w(g) = 30*g**2 + 48*g - 29. What is the tens digit of w(-10)?
9
Suppose -4*h = -f + 1560, -5*f - 3*h = -3*f - 3065. What is the hundreds digit of f?
5
Suppose -3*z - 8*f + 13*f + 5161 = 0, 3*f + 5157 = 3*z. What is the hundreds digit of z?
7
Let g = 2050 + -1186. What is the hundreds digit of g?
8
What is the hundreds digit of -231*320/90*-3?
4
Suppose 26*g = 23*g - 147. Let m = -9 - g. What is the tens digit of m?
4
Let j be 4/(-34) + (-4564)/(-68). Let a = j + 54. Suppose t - 3*c = 3*t - a, -2*t - 2*c = -120. What is the tens digit of t?
5
Suppose -24 = 2*k + 34. Let s = -24 - k. Suppose 8*i - 72 = s*i. What is the tens digit of i?
2
Let i = -30 - -33. What is the tens digit of (-57)/(((-27)/12)/i)?
7
Suppose -11*t + 4016 = -3354. What is the tens digit of t?
7
Suppose 0 = -28*s + 16355 + 2685. What is the units digit of s?
0
Suppose 2*j - 17*p = -12*p + 1895, 3829 = 4*j + 3*p. What is the units digit of j?
5
Let d = -505 + 247. What is the hundreds digit of (-2 + (5 - d))*4/6?
1
Suppose -3*b + 15 = 2*b. Suppose -3*s - b*f = -63, 5*s + 2*f - 129 = -12. What is the tens digit of (-254)/(-10) - (-15)/s?
2
Let g = -11 - -8. Let d be (58/3*g)/(-2). Suppose 0*w = -w + d. What is the units digit of w?
9
Let r(z) = 3 + z + 5*z + 8*z**2 - 4*z - 3*z. What is the tens digit of r(-2)?
3
Let g(b) = 24*b + 72. What is the tens digit of g(14)?
0
Suppose 6*w = 3*w + 9. Suppose n = 4*t + 254, -2*t = -n + w*n - 478. What is the units digit of n?
2
What is the tens digit of ((-9)/2)/(174/(-221560))?
3
Let r(s) = -17*s - 3. Let p(h) = -120*h - 20. Let f be (3 - 0)*(-2 - -1). Let g(u) = f*p(u) + 20*r(u). What is the units digit of g(2)?
0
Let w(a) = -40*a - 54. Let z(l) = -l**3 - 3*l**2 + 4*l - 9. Let k be z(-4). What is the units digit of w(k)?
6
Let x(k) = -29*k + 609. What is the units digit of x(-33)?
6
Suppose 4*d - 4*o = 32, -12 = -3*d + 6*o - 7*o. Suppose -4*a + 520 = -4*h, 4*a + 0*h = -d*h + 529. What is the units digit of a?
1
Let m(c) = c**3 - 18*c**2 + 12*c + 8. Let i be m(17). What is the units digit of (-22)/i + (-215)/(-7)?
1
Suppose 95 - 73 = 2*b. Let f(m) be the second derivative of m**3/3 - 5*m**2 + 2*m. What is the units digit of f(b)?
2
Let n = 135 + 448. What is the tens digit of n?
8
What is the hundreds digit of ((-2084)/20 + -3)/(8/(-20))?
2
Let j be -2*(7 + -3)*(1 + -2). Suppose -j*m + 3*m = -410. What is the tens digit of m?
8
Let p(c) = -c + 18 + 4*c - c - 5*c - 2*c. Let j be ((-6)/(-7))/(4/(-28)). What is the tens digit of p(j)?
4
Let z(m) be the first derivative of -m**2/2 - m + 4. Let h(w) = 18*w + 6. Let j(l) = h(l) + 9*z(l). What is the units digit of j(2)?
5
Suppose -t - 39 = -3*f, -f = f + 5*t - 9. What is the tens digit of 0/(f/(-3)) - -47?
4
Let q(h) = -2335*h**3 - 10*h - 9. What is the units digit of q(-1)?
6
Suppose -5*t + 4*t = -441. What is the hundreds digit of t?
4
Let d = 2 - 2. Suppose d = -3*k - 15 + 246. What is the units digit of k?
7
Let u = 166 + -275. What is the hundreds digit of (2 - -1)*(-1 - u)?
3
Suppose -5*y = -2*y + 18. Let p(r) = -5*r**2 - 8*r + 4. Let t(d) = 14*d**2 + 23*d - 11. Let b(m) = y*t(m) - 17*p(m). What is the units digit of b(-3)?
3
Suppose -2*u = -12 + 94. Let k = 25 + u. What is the tens digit of (-37*1)/(15 + k)?
3
Suppose -6*l = -8*l + 2. Let h be (3 - 3 - 1) + l. Suppose t - 38 + 3 = h. What is the tens digit of t?
3
Let k be (36/(-5))/((-4)/(-20)). Let g = 173 - 86. Let f = k + g. What is the tens digit of f?
5
Let v = 886 - 455. Suppose 4*g - v = -43. What is the tens digit of g?
9
Suppose 3*j - w + 2*w - 42 = 0, 37 = 4*j - 5*w. Let c be (6 - 7)/(1/(-25)). Let m = c - j. What is the units digit of m?
2
Let p = -47 + 57. Suppose p*t - 13*t = -507. What is the units digit of t?
9
Let d(a) = -20*a - 12. Let s be d(-10). Suppose -s = 6*h - 10*h. What is the units digit of h?
7
Suppose 0 + 10 = 5*c. Let t = -4 - c. What is the tens digit of -34*(-3)/t*-1?
1
Let r = 193 - 109. Suppose 0 = 5*f + u - 4*u - 10, 6 = 3*f - u. Suppose i = 2*v + 5*i - r, -i = f*v - 84. What is the tens digit of v?
4
Let i = -9 + 8. Let f be (1 + i)/(1 + -2). Suppose -4*v - 2*m + 104 = 0, -4*v - 4*m + 166 - 54 = f. What is the units digit of v?
4
What is the hundreds digit of ((-24)/(-6) - -137) + 8/(-2)?
1
Suppose -916 = -5*f + 34. Suppose -3*q + f = 40. What is the units digit of q?
0
Let w(x) = -x**2 - 6*x - 7. Let l be (-30)/(-4)*(-14)/21. Let v be w(l). What is the tens digit of (-250)/(-7) + v/(-7)?
3
Suppose 3*h = -4*i + 2518, -3*h = 24*i - 27*i - 2511. What is the tens digit of h?
3
Let x = -7 + 12. Suppose -72*y = -6*y - 660. Suppose y*v = x*v + 145. What is the tens digit of v?
2
Let z(f) = -2*f**3 - 33*f**2 + 39*f - 7. What is the tens digit of z(-18)?
6
Suppose 0 = 4*o + 484 - 2040. What is the tens digit of o?
8
Suppose 0 = 4*c + 2*z, c - 5*z = 3*c + 8. What is the units digit of 2/(-4) - c - 1015/(-14)?
1
Suppose 4 = 2*a, -2*a - a - 393 = -3*h. What is the hundreds digit of h?
1
Let f(s) = s**3 - 8*s**2 - 2*s + 11. Let v be f(8). What is the tens digit of (0 - -5)/v*-61?
6
Suppose 6*b - 650 = b. Let s = b + -70. What is the units digit of s?
0
Let n(b) be the third derivative of 1/6*b**3 + 1/24*b**4 + 0 + 3*b**2 + 1/30*b**5 + 0*b. What is the tens digit of n(2)?
1
Suppose 4*u + 818 = 2*x, -3*x + 1630 = x - 5*u. What is the units digit of x?
5
Let p be 12 + (0/(-1) - 3). Suppose -3*b + 6 = -p. Let s = 5 + b. What is the tens digit of s?
1
Let u(l) = -l**3 - 12*l**2 - 13*l - 17. Let x be u(-11). What is the tens digit of (-964)/(-6) + 4/(x - -7)?
6
Suppose -3*t - 3 = -l - 5, -t = 2*l - 10. Suppose -2*n = -7*n - 2*c - 159, t*c = 4*n + 120. Let d = 67 + n. What is the units digit of d?
6
Let u(c) = 6*c**2 + 9*c - 21. What is the tens digit of u(6)?
4
Suppose n + 105 = -12*w + 8*w, 5*w = -4*n - 134. Let s = w - -69. What is the units digit of s?
3
Let g be (1 - 3)/((-7)/833). Suppose -2*d + 52 = -g. Suppose d = 2*k + 25. What is the units digit of k?
0
Let c = -35 - -23. What is the units digit of (40/c)/((-2)/78)?
0
Let h = 19 - 14. Suppose 0 = h*p + q - 2*q - 489, 3*q = p - 95. Let u = -64 + p. What is the units digit of u?
4
Let k = -195 - -1303. What is the units digit of k?
8
Let k be (20/(-15))/(2/(-3)). Suppose -k*j + n = -90, 3*j + 5*n - 59 = 102. What is the tens digit of j?
4
Let s(c) = -12*c - 3. Let n(p) = -4*p - 1. Let j(f) = 11*n(f) - 4*s(f). Let h(d) = d**3 + 5. Let g be h(0). What is the tens digit of j(g)?
2
Let p(g) = g**3 + 7*g**2. Let l be p(-3). Suppose v - 2*j = l, -v - 15 + 56 = -j. Let u = v + -25. What is the units digit of u?
1
Let s be (-156)/(-60) + (-4)/(-10). Suppose 2*v = -0*v + 12. Suppose -n + 9 = s*z - 23, -z = -3*n + v. What is the units digit of z?
9
What is the hundreds digit of 1209/62*(-116)/(-3)?
7
Suppose 0 = -3*b + 740 + 79. Let w = b - 176. What is the tens digit of w?
9
Let y(j) = j**2 + 8*j - 8. Let x be y(-9). Let h(w) = 31*w**3 - w. L